{"id":7676,"date":"2021-05-25T13:58:49","date_gmt":"2021-05-25T11:58:49","guid":{"rendered":"https:\/\/www.embutidosortiz.com\/espace-professionnel\/"},"modified":"2022-10-20T19:06:11","modified_gmt":"2022-10-20T17:06:11","slug":"espace-professionnel","status":"publish","type":"page","link":"https:\/\/www.embutidosortiz.com\/fr\/espace-professionnel\/","title":{"rendered":"Espace professionnel"},"content":{"rendered":"<p>[vc_row full_width=\u00a0\u00bbstretch_row_content_no_spaces\u00a0\u00bb bg_type=\u00a0\u00bbimage\u00a0\u00bb parallax_style=\u00a0\u00bb\u00a0\u00bb enable_parallax=\u00a0\u00bbtrue\u00a0\u00bb parallax_background=\u00a0\u00bb7287&Prime;][vc_column][vc_row_inner][vc_column_inner width=\u00a0\u00bb1\/3&Prime;][\/vc_column_inner][vc_column_inner width=\u00a0\u00bb1\/3&Prime; css=\u00a0\u00bb.vc_custom_1619992231693{margin-right: 1% !important;margin-left: 1% !important;}\u00a0\u00bb][vc_empty_space height=\u00a0\u00bb60px\u00a0\u00bb][vc_column_text]<\/p>\n<p style=\"text-align: center; letter-spacing: 0.4em;\">Espace professionnel<\/p>\n<p>[\/vc_column_text][vc_column_text]<\/p>\n<h1 style=\"text-align: center;\">SECTION COMMERCIALE<\/h1>\n<p>[\/vc_column_text][vc_column_text]<\/p>\n<p style=\"text-align: center;\">Il s&rsquo;agit d&rsquo;un espace ouvert \u00e0 tous nos collaborateurs et aux professionnels de la distribution et de l&rsquo;h\u00f4tellerie qui souhaitent conna\u00eetre notre catalogue de produits.<\/p>\n<p>[\/vc_column_text][vc_single_image image=\u00a0\u00bb7293&Prime; img_size=\u00a0\u00bbfull\u00a0\u00bb alignment=\u00a0\u00bbcenter\u00a0\u00bb][vc_btn title=\u00a0\u00bbT\u00c9L\u00c9CHARGER LE FOOD SERVICE\u00a0\u00bb shape=\u00a0\u00bbsquare\u00a0\u00bb align=\u00a0\u00bbcenter\u00a0\u00bb link=\u00a0\u00bburl:https%3A%2F%2Fwww.embutidosortiz.com%2Fwp-content%2Fuploads%2F2022%2F10%2FOrtiz-Food-Service-Reduce.pdf|target:_blank\u00a0\u00bb][vc_btn title=\u00a0\u00bbT\u00c9L\u00c9CHARGER LE CATALOGUE\u00a0\u00bb shape=\u00a0\u00bbsquare\u00a0\u00bb align=\u00a0\u00bbcenter\u00a0\u00bb link=\u00a0\u00bburl:https%3A%2F%2Fnueva.embutidosortiz.com%2Fwp-content%2Fuploads%2F2021%2F05%2Fcatalogo-embutidos-ortiz.pdf|target:_blank|\u00a0\u00bb][vc_btn title=\u00a0\u00bbT\u00c9L\u00c9CHARGER LES FICHES PRODUITS\u00a0\u00bb shape=\u00a0\u00bbsquare\u00a0\u00bb align=\u00a0\u00bbcenter\u00a0\u00bb link=\u00a0\u00bburl:https%3A%2F%2Fnueva.embutidosortiz.com%2Fwp-content%2Fuploads%2F2021%2F05%2Ffichas-de-producto-embutidos-ortiz.pdf|target:_blank|\u00a0\u00bb][\/vc_column_inner][vc_column_inner width=\u00a0\u00bb1\/3&Prime;][\/vc_column_inner][\/vc_row_inner][\/vc_column][\/vc_row]<\/p>\n","protected":false},"excerpt":{"rendered":"<p>[vc_row full_width=\u00a0\u00bbstretch_row_content_no_spaces\u00a0\u00bb bg_type=\u00a0\u00bbimage\u00a0\u00bb parallax_style=\u00a0\u00bb\u00a0\u00bb enable_parallax=\u00a0\u00bbtrue\u00a0\u00bb parallax_background=\u00a0\u00bb7287&Prime;][vc_column][vc_row_inner][vc_column_inner width=\u00a0\u00bb1\/3&Prime;][\/vc_column_inner][vc_column_inner width=\u00a0\u00bb1\/3&Prime; css=\u00a0\u00bb.vc_custom_1619992231693{margin-right: 1% !important;margin-left: 1% !important;}\u00a0\u00bb][vc_empty_space height=\u00a0\u00bb60px\u00a0\u00bb][vc_column_text] Espace professionnel [\/vc_column_text][vc_column_text] SECTION COMMERCIALE [\/vc_column_text][vc_column_text] Il s&rsquo;agit d&rsquo;un espace ouvert \u00e0 tous nos collaborateurs et aux professionnels de la distribution et de l&rsquo;h\u00f4tellerie qui souhaitent<\/p>\n","protected":false},"author":2,"featured_media":0,"parent":0,"menu_order":0,"comment_status":"closed","ping_status":"closed","template":"","meta":[],"yoast_head":"<!-- This site is optimized with the Yoast SEO plugin v20.1 - https:\/\/yoast.com\/wordpress\/plugins\/seo\/ -->\n<title>Espace professionnel - Embutidos Ortiz<\/title>\n<meta name=\"robots\" content=\"index, follow, max-snippet:-1, max-image-preview:large, max-video-preview:-1\" \/>\n<link rel=\"canonical\" href=\"https:\/\/www.embutidosortiz.com\/fr\/espace-professionnel\/\" \/>\n<meta property=\"og:locale\" content=\"fr_FR\" \/>\n<meta property=\"og:type\" content=\"article\" \/>\n<meta property=\"og:title\" content=\"Espace professionnel - Embutidos Ortiz\" \/>\n<meta property=\"og:description\" content=\"[vc_row full_width=\u00a0\u00bbstretch_row_content_no_spaces\u00a0\u00bb bg_type=\u00a0\u00bbimage\u00a0\u00bb parallax_style=\u00a0\u00bb\u00a0\u00bb enable_parallax=\u00a0\u00bbtrue\u00a0\u00bb parallax_background=\u00a0\u00bb7287&Prime;][vc_column][vc_row_inner][vc_column_inner width=\u00a0\u00bb1\/3&Prime;][\/vc_column_inner][vc_column_inner width=\u00a0\u00bb1\/3&Prime; css=\u00a0\u00bb.vc_custom_1619992231693{margin-right: 1% !important;margin-left: 1% !important;}\u00a0\u00bb][vc_empty_space height=\u00a0\u00bb60px\u00a0\u00bb][vc_column_text] Espace professionnel [\/vc_column_text][vc_column_text] SECTION COMMERCIALE [\/vc_column_text][vc_column_text] Il s&rsquo;agit d&rsquo;un espace ouvert \u00e0 tous nos collaborateurs et aux professionnels de la distribution et de l&rsquo;h\u00f4tellerie qui souhaitent\" \/>\n<meta property=\"og:url\" content=\"https:\/\/www.embutidosortiz.com\/fr\/espace-professionnel\/\" \/>\n<meta property=\"og:site_name\" content=\"Embutidos Ortiz\" \/>\n<meta property=\"article:modified_time\" content=\"2022-10-20T17:06:11+00:00\" \/>\n<meta name=\"twitter:card\" content=\"summary_large_image\" \/>\n<meta name=\"twitter:label1\" content=\"Dur\u00e9e de lecture estim\u00e9e\" \/>\n\t<meta name=\"twitter:data1\" content=\"1 minute\" \/>\n<script type=\"application\/ld+json\" class=\"yoast-schema-graph\">{\"@context\":\"https:\/\/schema.org\",\"@graph\":[{\"@type\":\"WebPage\",\"@id\":\"https:\/\/www.embutidosortiz.com\/fr\/espace-professionnel\/\",\"url\":\"https:\/\/www.embutidosortiz.com\/fr\/espace-professionnel\/\",\"name\":\"Espace professionnel - Embutidos Ortiz\",\"isPartOf\":{\"@id\":\"https:\/\/www.embutidosortiz.com\/#website\"},\"datePublished\":\"2021-05-25T11:58:49+00:00\",\"dateModified\":\"2022-10-20T17:06:11+00:00\",\"breadcrumb\":{\"@id\":\"https:\/\/www.embutidosortiz.com\/fr\/espace-professionnel\/#breadcrumb\"},\"inLanguage\":\"fr-FR\",\"potentialAction\":[{\"@type\":\"ReadAction\",\"target\":[\"https:\/\/www.embutidosortiz.com\/fr\/espace-professionnel\/\"]}]},{\"@type\":\"BreadcrumbList\",\"@id\":\"https:\/\/www.embutidosortiz.com\/fr\/espace-professionnel\/#breadcrumb\",\"itemListElement\":[{\"@type\":\"ListItem\",\"position\":1,\"name\":\"Portada\",\"item\":\"https:\/\/www.embutidosortiz.com\/fr\/\"},{\"@type\":\"ListItem\",\"position\":2,\"name\":\"Espace professionnel\"}]},{\"@type\":\"WebSite\",\"@id\":\"https:\/\/www.embutidosortiz.com\/#website\",\"url\":\"https:\/\/www.embutidosortiz.com\/\",\"name\":\"Embutidos Ortiz\",\"description\":\"Charcuteros desde 1915\",\"publisher\":{\"@id\":\"https:\/\/www.embutidosortiz.com\/#organization\"},\"potentialAction\":[{\"@type\":\"SearchAction\",\"target\":{\"@type\":\"EntryPoint\",\"urlTemplate\":\"https:\/\/www.embutidosortiz.com\/?s={search_term_string}\"},\"query-input\":\"required name=search_term_string\"}],\"inLanguage\":\"fr-FR\"},{\"@type\":\"Organization\",\"@id\":\"https:\/\/www.embutidosortiz.com\/#organization\",\"name\":\"Embutidos Ortiz\",\"url\":\"https:\/\/www.embutidosortiz.com\/\",\"logo\":{\"@type\":\"ImageObject\",\"inLanguage\":\"fr-FR\",\"@id\":\"https:\/\/www.embutidosortiz.com\/#\/schema\/logo\/image\/\",\"url\":\"https:\/\/www.embutidosortiz.com\/wp-content\/uploads\/2020\/12\/Embutidos-Ortiz-Tienda.png\",\"contentUrl\":\"https:\/\/www.embutidosortiz.com\/wp-content\/uploads\/2020\/12\/Embutidos-Ortiz-Tienda.png\",\"width\":200,\"height\":117,\"caption\":\"Embutidos Ortiz\"},\"image\":{\"@id\":\"https:\/\/www.embutidosortiz.com\/#\/schema\/logo\/image\/\"}}]}<\/script>\n<!-- \/ Yoast SEO plugin. -->","yoast_head_json":{"title":"Espace professionnel - Embutidos Ortiz","robots":{"index":"index","follow":"follow","max-snippet":"max-snippet:-1","max-image-preview":"max-image-preview:large","max-video-preview":"max-video-preview:-1"},"canonical":"https:\/\/www.embutidosortiz.com\/fr\/espace-professionnel\/","og_locale":"fr_FR","og_type":"article","og_title":"Espace professionnel - Embutidos Ortiz","og_description":"[vc_row full_width=\u00a0\u00bbstretch_row_content_no_spaces\u00a0\u00bb bg_type=\u00a0\u00bbimage\u00a0\u00bb parallax_style=\u00a0\u00bb\u00a0\u00bb enable_parallax=\u00a0\u00bbtrue\u00a0\u00bb parallax_background=\u00a0\u00bb7287&Prime;][vc_column][vc_row_inner][vc_column_inner width=\u00a0\u00bb1\/3&Prime;][\/vc_column_inner][vc_column_inner width=\u00a0\u00bb1\/3&Prime; css=\u00a0\u00bb.vc_custom_1619992231693{margin-right: 1% !important;margin-left: 1% !important;}\u00a0\u00bb][vc_empty_space height=\u00a0\u00bb60px\u00a0\u00bb][vc_column_text] Espace professionnel [\/vc_column_text][vc_column_text] SECTION COMMERCIALE [\/vc_column_text][vc_column_text] Il s&rsquo;agit d&rsquo;un espace ouvert \u00e0 tous nos collaborateurs et aux professionnels de la distribution et de l&rsquo;h\u00f4tellerie qui souhaitent","og_url":"https:\/\/www.embutidosortiz.com\/fr\/espace-professionnel\/","og_site_name":"Embutidos Ortiz","article_modified_time":"2022-10-20T17:06:11+00:00","twitter_card":"summary_large_image","twitter_misc":{"Dur\u00e9e de lecture estim\u00e9e":"1 minute"},"schema":{"@context":"https:\/\/schema.org","@graph":[{"@type":"WebPage","@id":"https:\/\/www.embutidosortiz.com\/fr\/espace-professionnel\/","url":"https:\/\/www.embutidosortiz.com\/fr\/espace-professionnel\/","name":"Espace professionnel - Embutidos Ortiz","isPartOf":{"@id":"https:\/\/www.embutidosortiz.com\/#website"},"datePublished":"2021-05-25T11:58:49+00:00","dateModified":"2022-10-20T17:06:11+00:00","breadcrumb":{"@id":"https:\/\/www.embutidosortiz.com\/fr\/espace-professionnel\/#breadcrumb"},"inLanguage":"fr-FR","potentialAction":[{"@type":"ReadAction","target":["https:\/\/www.embutidosortiz.com\/fr\/espace-professionnel\/"]}]},{"@type":"BreadcrumbList","@id":"https:\/\/www.embutidosortiz.com\/fr\/espace-professionnel\/#breadcrumb","itemListElement":[{"@type":"ListItem","position":1,"name":"Portada","item":"https:\/\/www.embutidosortiz.com\/fr\/"},{"@type":"ListItem","position":2,"name":"Espace professionnel"}]},{"@type":"WebSite","@id":"https:\/\/www.embutidosortiz.com\/#website","url":"https:\/\/www.embutidosortiz.com\/","name":"Embutidos Ortiz","description":"Charcuteros desde 1915","publisher":{"@id":"https:\/\/www.embutidosortiz.com\/#organization"},"potentialAction":[{"@type":"SearchAction","target":{"@type":"EntryPoint","urlTemplate":"https:\/\/www.embutidosortiz.com\/?s={search_term_string}"},"query-input":"required name=search_term_string"}],"inLanguage":"fr-FR"},{"@type":"Organization","@id":"https:\/\/www.embutidosortiz.com\/#organization","name":"Embutidos Ortiz","url":"https:\/\/www.embutidosortiz.com\/","logo":{"@type":"ImageObject","inLanguage":"fr-FR","@id":"https:\/\/www.embutidosortiz.com\/#\/schema\/logo\/image\/","url":"https:\/\/www.embutidosortiz.com\/wp-content\/uploads\/2020\/12\/Embutidos-Ortiz-Tienda.png","contentUrl":"https:\/\/www.embutidosortiz.com\/wp-content\/uploads\/2020\/12\/Embutidos-Ortiz-Tienda.png","width":200,"height":117,"caption":"Embutidos Ortiz"},"image":{"@id":"https:\/\/www.embutidosortiz.com\/#\/schema\/logo\/image\/"}}]}},"_links":{"self":[{"href":"https:\/\/www.embutidosortiz.com\/fr\/wp-json\/wp\/v2\/pages\/7676"}],"collection":[{"href":"https:\/\/www.embutidosortiz.com\/fr\/wp-json\/wp\/v2\/pages"}],"about":[{"href":"https:\/\/www.embutidosortiz.com\/fr\/wp-json\/wp\/v2\/types\/page"}],"author":[{"embeddable":true,"href":"https:\/\/www.embutidosortiz.com\/fr\/wp-json\/wp\/v2\/users\/2"}],"replies":[{"embeddable":true,"href":"https:\/\/www.embutidosortiz.com\/fr\/wp-json\/wp\/v2\/comments?post=7676"}],"version-history":[{"count":10,"href":"https:\/\/www.embutidosortiz.com\/fr\/wp-json\/wp\/v2\/pages\/7676\/revisions"}],"predecessor-version":[{"id":9386,"href":"https:\/\/www.embutidosortiz.com\/fr\/wp-json\/wp\/v2\/pages\/7676\/revisions\/9386"}],"wp:attachment":[{"href":"https:\/\/www.embutidosortiz.com\/fr\/wp-json\/wp\/v2\/media?parent=7676"}],"curies":[{"name":"wp","href":"https:\/\/api.w.org\/{rel}","templated":true}]}}

<p>[vc_row full_width= »stretch_row_content_no_spaces » bg_type= »image » parallax_style= » » enable_parallax= »true » parallax_background= »7287&Prime;][vc_column][vc_row_inner][vc_column_inner width= »1/3&Prime;][/vc_column_inner][vc_column_inner width= »1/3&Prime; css= ».vc_custom_1619992231693{margin-right: 1% !important;margin-left: 1% !important;} »][vc_empty_space height= »60px »][vc_column_text]</p>
<p style="text-align: center; letter-spacing: 0.4em;">Espace professionnel</p>
<p>[/vc_column_text][vc_column_text]</p>
<h1 style="text-align: center;">SECTION COMMERCIALE</h1>
<p>[/vc_column_text][vc_column_text]</p>
<p style="text-align: center;">Il s&rsquo;agit d&rsquo;un espace ouvert à tous nos collaborateurs et aux professionnels de la distribution et de l&rsquo;hôtellerie qui souhaitent connaître notre catalogue de produits.</p>
<p>[/vc_column_text][vc_single_image image= »7293&Prime; img_size= »full » alignment= »center »][vc_btn title= »TÉLÉCHARGER LE FOOD SERVICE » shape= »square » align= »center » link= »url:https%3A%2F%2Fwww.embutidosortiz.com%2Fwp-content%2Fuploads%2F2022%2F10%2FOrtiz-Food-Service-Reduce.pdf|target:_blank »][vc_btn title= »TÉLÉCHARGER LE CATALOGUE » shape= »square » align= »center » link= »url:https%3A%2F%2Fnueva.embutidosortiz.com%2Fwp-content%2Fuploads%2F2021%2F05%2Fcatalogo-embutidos-ortiz.pdf|target:_blank| »][vc_btn title= »TÉLÉCHARGER LES FICHES PRODUITS » shape= »square » align= »center » link= »url:https%3A%2F%2Fnueva.embutidosortiz.com%2Fwp-content%2Fuploads%2F2021%2F05%2Ffichas-de-producto-embutidos-ortiz.pdf|target:_blank| »][/vc_column_inner][vc_column_inner width= »1/3&Prime;][/vc_column_inner][/vc_row_inner][/vc_column][/vc_row]</p>

<p>[vc_row full_width= »stretch_row_content_no_spaces » bg_type= »image » parallax_style= » » enable_parallax= »true » parallax_background= »7287&Prime;][vc_column][vc_row_inner][vc_column_inner width= »1/3&Prime;][/vc_column_inner][vc_column_inner width= »1/3&Prime; css= ».vc_custom_1619992231693{margin-right: 1% !important;margin-left: 1% !important;} »][vc_empty_space height= »60px »][vc_column_text] Espace professionnel [/vc_column_text][vc_column_text] SECTION COMMERCIALE [/vc_column_text][vc_column_text] Il s&rsquo;agit d&rsquo;un espace ouvert à tous nos collaborateurs et aux professionnels de la distribution et de l&rsquo;hôtellerie qui souhaitent</p>

<!-- This site is optimized with the Yoast SEO plugin v20.1 - https://yoast.com/wordpress/plugins/seo/ -->
<title>Espace professionnel - Embutidos Ortiz</title>
<meta name="robots" content="index, follow, max-snippet:-1, max-image-preview:large, max-video-preview:-1" />
<link rel="canonical" href="https://www.embutidosortiz.com/fr/espace-professionnel/" />
<meta property="og:locale" content="fr_FR" />
<meta property="og:type" content="article" />
<meta property="og:title" content="Espace professionnel - Embutidos Ortiz" />
<meta property="og:description" content="[vc_row full_width= »stretch_row_content_no_spaces » bg_type= »image » parallax_style= » » enable_parallax= »true » parallax_background= »7287&Prime;][vc_column][vc_row_inner][vc_column_inner width= »1/3&Prime;][/vc_column_inner][vc_column_inner width= »1/3&Prime; css= ».vc_custom_1619992231693{margin-right: 1% !important;margin-left: 1% !important;} »][vc_empty_space height= »60px »][vc_column_text] Espace professionnel [/vc_column_text][vc_column_text] SECTION COMMERCIALE [/vc_column_text][vc_column_text] Il s&rsquo;agit d&rsquo;un espace ouvert à tous nos collaborateurs et aux professionnels de la distribution et de l&rsquo;hôtellerie qui souhaitent" />
<meta property="og:url" content="https://www.embutidosortiz.com/fr/espace-professionnel/" />
<meta property="og:site_name" content="Embutidos Ortiz" />
<meta property="article:modified_time" content="2022-10-20T17:06:11+00:00" />
<meta name="twitter:card" content="summary_large_image" />
<meta name="twitter:label1" content="Durée de lecture estimée" />
	<meta name="twitter:data1" content="1 minute" />
<script type="application/ld+json" class="yoast-schema-graph">{"@context":"https://schema.org","@graph":[{"@type":"WebPage","@id":"https://www.embutidosortiz.com/fr/espace-professionnel/","url":"https://www.embutidosortiz.com/fr/espace-professionnel/","name":"Espace professionnel - Embutidos Ortiz","isPartOf":{"@id":"https://www.embutidosortiz.com/#website"},"datePublished":"2021-05-25T11:58:49+00:00","dateModified":"2022-10-20T17:06:11+00:00","breadcrumb":{"@id":"https://www.embutidosortiz.com/fr/espace-professionnel/#breadcrumb"},"inLanguage":"fr-FR","potentialAction":[{"@type":"ReadAction","target":["https://www.embutidosortiz.com/fr/espace-professionnel/"]}]},{"@type":"BreadcrumbList","@id":"https://www.embutidosortiz.com/fr/espace-professionnel/#breadcrumb","itemListElement":[{"@type":"ListItem","position":1,"name":"Portada","item":"https://www.embutidosortiz.com/fr/"},{"@type":"ListItem","position":2,"name":"Espace professionnel"}]},{"@type":"WebSite","@id":"https://www.embutidosortiz.com/#website","url":"https://www.embutidosortiz.com/","name":"Embutidos Ortiz","description":"Charcuteros desde 1915","publisher":{"@id":"https://www.embutidosortiz.com/#organization"},"potentialAction":[{"@type":"SearchAction","target":{"@type":"EntryPoint","urlTemplate":"https://www.embutidosortiz.com/?s={search_term_string}"},"query-input":"required name=search_term_string"}],"inLanguage":"fr-FR"},{"@type":"Organization","@id":"https://www.embutidosortiz.com/#organization","name":"Embutidos Ortiz","url":"https://www.embutidosortiz.com/","logo":{"@type":"ImageObject","inLanguage":"fr-FR","@id":"https://www.embutidosortiz.com/#/schema/logo/image/","url":"https://www.embutidosortiz.com/wp-content/uploads/2020/12/Embutidos-Ortiz-Tienda.png","contentUrl":"https://www.embutidosortiz.com/wp-content/uploads/2020/12/Embutidos-Ortiz-Tienda.png","width":200,"height":117,"caption":"Embutidos Ortiz"},"image":{"@id":"https://www.embutidosortiz.com/#/schema/logo/image/"}}]}</script>
<!-- / Yoast SEO plugin. -->

[vc_row full_width= »stretch_row_content_no_spaces » bg_type= »image » parallax_style= » » enable_parallax= »true » parallax_background= »7287&Prime;][vc_column][vc_row_inner][vc_column_inner width= »1/3&Prime;][/vc_column_inner][vc_column_inner width= »1/3&Prime; css= ».vc_custom_1619992231693{margin-right: 1% !important;margin-left: 1% !important;} »][vc_empty_space height= »60px »][vc_column_text] Espace professionnel [/vc_column_text][vc_column_text] SECTION COMMERCIALE [/vc_column_text][vc_column_text] Il s&rsquo;agit d&rsquo;un espace ouvert à tous nos collaborateurs et aux professionnels de la distribution et de l&rsquo;hôtellerie qui souhaitent
